9*p - 10*p + 772. What is the highest common factor of a and 48?
48
Let m(k) = -2*k**3 - 16*k**2 - 6*k - 13. Let g(z) = -3*z**2 + 37*z - 21. Let o be g(12). Let r be m(o). What is the highest common factor of 7 and r?
7
Suppose 5*f = o + 20, o = 3*f - 5*f + 15. Suppose 3*w = -o*t + 69, 3*w + 59 = 5*w - t. What is the highest common factor of 448 and w?
28
Suppose 106 = 2*j - 4*n, -j - n = -2*j + 52. Suppose 0 = -11*p + 150 - j. What is the highest common factor of 36 and p?
9
Let y = 7674 + -6730. Let l = -111 + 170. Calculate the highest common divisor of y and l.
59
Suppose -5982 = -4*l - r + 3000, 0 = 2*r - 12. What is the greatest common factor of 24 and l?
12
Let s = 23 + -15. Let n(l) = 135*l + 708. Let w be n(-4). What is the highest common divisor of w and s?
8
Suppose y = -5*k + 20, 2*y - 6*k = -2*k + 82. Let w be (y - 30) + (1 - -3). Calculate the highest common factor of 51 and w.
3
Let c(k) = -2*k**3 + 8*k**2 + 31*k + 24. Let q be c(6). Suppose -16 - 48 = -3*i - v, -i - 4*v = -14. What is the highest common factor of q and i?
22
Let o(i) = 6*i - 25. Let b be o(6). Let r(h) = h**2 + 12*h + 18. Let s be r(-12). Let y = s - -59. Calculate the highest common divisor of b and y.
11
Suppose -102 = w + 2*x, -2*w + 0*w + x = 184. Suppose 4*g + 203 = -5*u - 20, -u = -5*g - 315. Let a = g - w. Calculate the greatest common factor of a and 256.
32
Let z(o) = -8*o**3 - 9*o**2 - 8*o - 9. Let v be z(-6). Suppose 6*r = -v + 1545. Calculate the highest common divisor of r and 289.
17
Let d be (-10 + 1)/((-93)/589). What is the highest common factor of 228 and d?
57
Let i = 26775 - 26435. Calculate the greatest common divisor of i and 2295.
85
Suppose 76*b - 7*b - 31177 - 10982 = 0. What is the greatest common divisor of b and 47?
47
Let c = 141 - 93. Let n be (46/(-4))/((-6)/c). Suppose -61*a + 64*a = 69. What is the highest common factor of n and a?
23
Let d be -29 - -27 - (-2 + 4 + 152). Let i = d - -189. Calculate the greatest common divisor of 66 and i.
33
Let y(g) = -5*g + 17 - 42 - 10 - 25. Let w be y(-15). What is the highest common factor of w and 10?
5
Suppose -h = h - 48. Suppose 11*u + 261 = 456 + 597. What is the highest common divisor of h and u?
24
Let t = 748 + 14957. What is the highest common factor of 15 and t?
15
Let d = 6088 - 5373. Calculate the greatest common divisor of 25 and d.
5
Let r = 11 + -2. Suppose r*p - 464 + 14 = 0. Suppose p + 14 = 4*w. Calculate the greatest common divisor of 80 and w.
16
Let k = -13296 + 24414. Calculate the highest common factor of k and 51.
51
Let x = 91512 - 91351. Let p(i) = i**2 + i - 6. Let h be p(-5). Calculate the greatest common divisor of h and x.
7
Let a be 1/(6/(-49 - 5)) + 3079. What is the greatest common factor of 20 and a?
10
Suppose 0 = 66*j + 23616 - 460998. Calculate the greatest common divisor of 141 and j.
141
Let m = -5003 - -6004. What is the highest common factor of m and 1859?
143
Suppose 566 + 6846 = -0*z + 4*z. What is the highest common divisor of 51 and z?
17
Let g(m) = 5*m**2 - 35*m - 9. Let r be g(-8). Calculate the greatest common factor of r and 4334.
197
Let s = 16292 + -16060. Let f(h) = -h**3 - h**2 - h + 29. Let n be f(0). What is the highest common divisor of n and s?
29
Let d = -23 - -27. Suppose 333 = d*f + 53. Let o = f - 60. Calculate the greatest common divisor of 4 and o.
2
Let r = -35 - -89. Suppose 5*w - 2*w - r = 0. Suppose -17*n = 6*n - 28*n + 1530. Calculate the greatest common factor of n and w.
18
Suppose -5*p = 5*l - 0*p - 8585, 5*p = 5*l - 8515. Calculate the highest common divisor of l and 20.
10
Let s(y) = 98*y + 9809. Let d be s(-100). Let i = 303 - 150. What is the highest common divisor of i and d?
9
Suppose 2*b + 1100 = 3*b - 1201. Calculate the greatest common factor of b and 26.
13
Suppose -26026 = -17988*h + 17897*h. Let o = 10 + 16. Calculate the greatest common factor of o and h.
26
Let d = 29 - 88. Let b = d - -80. Suppose 4*w + 12 = 0, -w - 248 = -2*r + b. What is the greatest common divisor of 19 and r?
19
Let p be 446 + 31 - (-12 + 1). What is the highest common factor of p and 40?
8
Let n be (-51)/(-9) + (102/(-18) - -5). Suppose -3*l + n + 10 = 4*t, -4 = -4*l. What is the greatest common divisor of 24 and t?
3
Let r be -3 + (-20)/(3 + -8). Let o be (-1)/(-2 + r)*(12 + -5). Let i = 67 - o. What is the highest common divisor of i and 48?
12
Suppose 0 = -4*z - 24 + 244. Let y = -55 + z. Let n be (-33 - y/3)*(3 - 4). What is the highest common divisor of n and 3?
3
Let i be (3*6/(-54))/(1/(-309)). Calculate the highest common divisor of i and 4223.
103
Suppose 234 = -g + 3*g - 6*m, 0 = -5*g + 4*m + 618. What is the highest common factor of g and 1008?
126
Suppose 16 = 4*b + 4*i, b - 2*b + 4*i + 14 = 0. Let h = 40 + -36. Let q(f) = f. Let d be q(h). What is the highest common factor of d and b?
2
Let j be (-200036)/(-15) + (-500)/(-1875). Calculate the highest common factor of 8 and j.
8
Let m(k) = k**3 - 23*k**2 - 29*k + 125. Let v be m(24). Calculate the highest common divisor of 113 and v.
1
Let g = 17 + -14. Let x be 0/g - -7 - 5. Suppose h = -x*h + 105. What is the greatest common divisor of h and 70?
35
Let l = 337 - 38. Suppose -51*y = -408 - 255. Calculate the highest common factor of y and l.
13
Let v(s) = -13*s**3 - 3*s - 2. Let w be v(-2). Suppose r = -2*j + 127, 1258*j + 313 = 1263*j - 2*r. What is the highest common divisor of w and j?
9
Let z be 1/2 - (-1)/(-2). Suppose z = 5*y - 2*y - 60. Suppose 29*c - 34 - 82 = 0. What is the greatest common factor of y and c?
4
Let y(p) = p**2 - 10*p + 169. Let l be y(0). Calculate the highest common divisor of 182 and l.
13
Let k(m) = m**3 - m**2 - m + 33. Let r be k(0). Let f be -64*19/(-76) - 13. What is the highest common divisor of r and f?
3
Suppose -417*s = -4*f - 416*s + 5337, 5340 = 4*f - 4*s. What is the greatest common factor of 58 and f?
58
Suppose -157*b + 7488 = 155*b. What is the greatest common divisor of b and 44?
4
Let g be 817040/1344 - 2/(-24). What is the greatest common divisor of g and 224?
32
Let w be 51*(-3771)/162*-6. What is the greatest common factor of w and 17?
17
Let a(h) = -2*h**3 - h**2 - 3*h - 5. Let x be a(-2). Suppose -k - 19*q + 17*q + 233 = 0, -2*k = -5*q - 529. What is the highest common divisor of k and x?
13
Suppose 0 = 62*m + 22486 - 56997 - 30961. Calculate the highest common divisor of m and 110.
22
Let d be (51 - 48)*(-5014)/(-6). What is the greatest common factor of d and 23?
23
Let i be (-45)/(-9) + 5 + (-4 - -4). What is the highest common divisor of 13310 and i?
10
Let p = -75 - -89. Suppose r + 3*k = p, 2*r - 6 = -3*r + k. Suppose -30 - r = -4*z. What is the highest common divisor of z and 112?
8
Let z be 15*2*(-4 - 42/(-9)). Suppose 0 = -u, z + 65 = 5*x - u. What is the greatest common factor of x and 221?
17
Let a(y) = -y + 12. Let s be a(12). Suppose s = x + 4*i - 9, -2*x + 3*i = -4 - 36. What is the highest common factor of 102 and x?
17
Let h be (-8 - 13) + 37665/93. Let q be ((-18)/(-5))/(6/40). What is the greatest common factor of q and h?
24
Let w(x) = 86*x + 2116. Let u be w(-23). Calculate the greatest common factor of u and 54.
6
Let x be ((-3431)/(-365))/((-3)/(-14100)). What is the highest common divisor of 20 and x?
20
Suppose -4*n - u - 3*u = 0, 8 = -4*u. Let q be (n*44/(-16) + 3)*-34. Let t = -66 + q. Calculate the highest common factor of t and 57.
19
Let q(i) = 2*i**3 - 5*i**2 + 384*i - 1543. Let p be q(4). Calculate the greatest common divisor of p and 1681.
41
Suppose -2022 + 6019 = 286*u - 4011. What is the greatest common factor of 4473 and u?
7
Suppose -4*c - 93 = -3*w, 3*w - 22 - 47 = 3*c. Let k be -2*c/(0 - -3). Suppose 12*t = k*t - 100. What is the greatest common factor of 10 and t?
5
Let q(d) = d**2 + 5*d - 6. Let i be q(-6). Suppose -4*v + 16 + 92 = i. Let t be (-798)/2128 - 45/48*-10. What is the greatest common divisor of v and t?
9
Let f(l) = -l**2 + 40*l - 121. Let p be f(11). Calculate the greatest common divisor of 41976 and p.
198
Let z = -35346 - -35367. Let b = 73 - -53. Calculate the greatest common divisor of z and b.
21
Suppose -6*n - 155*n + 3864 = 0. What is the greatest common factor of n and 1896?
24
Let p = 12552 + -12408. Calculate the highest common factor of 240 and p.
48
Let 